st common factor of 32464815 and 108375.
4335
What is the greatest common factor of 1784080 and 50?
10
What is the greatest common factor of 23 and 198268487?
23
Calculate the highest common divisor of 90426 and 170465928.
12918
Calculate the highest common divisor of 240770095 and 115.
115
What is the highest common factor of 128072638 and 8?
2
What is the highest common factor of 558 and 7086538?
62
Calculate the greatest common factor of 5856 and 204496.
16
What is the greatest common divisor of 66352 and 408848?
176
Calculate the highest common factor of 10 and 44431610.
10
Calculate the greatest common divisor of 741830298 and 4422.
4422
What is the greatest common factor of 34397 and 7029231?
583
What is the highest common divisor of 272 and 218245388?
68
What is the greatest common divisor of 1709146 and 5780?
578
What is the highest common factor of 118992 and 300816?
48
What is the greatest common divisor of 14839292 and 12467?
1781
What is the highest common divisor of 1719186 and 273?
21
Calculate the greatest common factor of 2237031 and 232.
29
Calculate the greatest common factor of 55660 and 3498990.
2530
Calculate the highest common divisor of 13776 and 163002.
42
What is the highest common divisor of 4158 and 3934656?
594
What is the greatest common divisor of 26789 and 924973?
301
Calculate the highest common divisor of 57402 and 1314.
18
Calculate the greatest common factor of 8216164 and 132.
44
What is the greatest common divisor of 22410 and 47697610?
830
What is the highest common factor of 501495624 and 1512?
1512
What is the highest common factor of 2788247 and 80311?
539
What is the greatest common divisor of 474046 and 131773?
421
What is the greatest common factor of 14534469 and 3615?
723
Calculate the greatest common factor of 96702 and 192.
6
Calculate the greatest common divisor of 1681 and 190467386.
1681
Calculate the greatest common divisor of 5306584 and 272.
136
Calculate the greatest common factor of 1344 and 71505216.
192
Calculate the highest common divisor of 39314 and 2370786.
22
What is the highest common divisor of 166111815 and 8220?
2055
What is the highest common factor of 2113894 and 5002?
122
What is the greatest common factor of 2615180 and 66236?
2284
Calculate the highest common divisor of 2976 and 101953056.
96
What is the greatest common factor of 3677764 and 15008?
268
Calculate the highest common divisor of 17266 and 6800476.
194
Calculate the greatest common divisor of 52519 and 306820.
29
Calculate the greatest common factor of 912686 and 6325.
23
Calculate the greatest common divisor of 7289 and 9849015.
197
What is the highest common divisor of 182 and 3556371?
91
Calculate the highest common factor of 87 and 55564203.
87
Calculate the highest common divisor of 55 and 414400.
5
Calculate the greatest common factor of 9833305 and 3565.
115
Calculate the greatest common factor of 11089385 and 46425.
3095
What is the greatest common factor of 55280 and 21680?
80
What is the highest common factor of 270 and 299389590?
90
Calculate the highest common divisor of 252 and 3279612.
84
Calculate the highest common divisor of 8337290 and 58698.
2174
Calculate the greatest common factor of 115821 and 73593.
153
What is the highest common divisor of 35925 and 3426400?
25
Calculate the greatest common factor of 1693 and 43091929.
1693
What is the highest common divisor of 95501580 and 13260?
1020
What is the greatest common divisor of 920356850 and 30?
10
What is the greatest common factor of 5853 and 572378527?
1951
Calculate the greatest common factor of 162 and 67606893.
81
What is the highest common divisor of 15247158 and 158?
158
What is the greatest common factor of 7645332 and 21408?
2676
Calculate the highest common divisor of 12975 and 1486416.
519
What is the greatest common divisor of 205246 and 67568?
82
Calculate the highest common divisor of 56140056 and 9.
9
What is the highest common factor of 1312 and 28541904?
656
What is the greatest common factor of 50470 and 19866640?
1030
What is the highest common divisor of 6612 and 757416?
228
What is the greatest common divisor of 224 and 763168?
224
What is the greatest common divisor of 14320 and 2231960?
40
Calculate the greatest common divisor of 85195860 and 1072.
268
Calculate the greatest common divisor of 167302 and 44829662.
7274
What is the highest common divisor of 3 and 15672162?
3
What is the greatest common factor of 1656 and 5599879?
23
What is the greatest common factor of 252 and 748636?
28
Calculate the greatest common factor of 9 and 1185702129.
9
Calculate the highest common factor of 11895801 and 255.
51
What is the highest common factor of 3990 and 2023842?
114
What is the highest common divisor of 476 and 3382592?
68
Calculate the highest common divisor of 532 and 63376.
4
Calculate the greatest common divisor of 284888 and 888040.
1192
What is the highest common divisor of 300016 and 103037848?
8824
What is the greatest common divisor of 9916 and 298220?
148
What is the greatest common divisor of 37134 and 4428?
18
What is the highest common divisor of 6888919 and 16391?
37
What is the highest common factor of 975006 and 54?
18
Calculate the highest common factor of 706750 and 22550.
550
What is the highest common factor of 92516567 and 247?
247
Calculate the greatest common factor of 896 and 30147488.
224
What is the greatest common factor of 313170 and 250965?
2145
Calculate the highest common factor of 41831 and 2383658.
709
Calculate the greatest common divisor of 2110 and 1073570.
10
Calculate the highest common divisor of 196 and 10449236.
28
Calculate the greatest common divisor of 46921423 and 2848.
89
What is the greatest common divisor of 5699 and 2953066?
41
Calculate the highest common divisor of 14621905 and 7791.
53
Calculate the greatest common factor of 96 and 460659696.
48
Calculate the highest common divisor of 51 and 2533340.
17
Calculate the greatest common factor of 1260 and 16722510.
210
What is the highest common divisor of 36 and 749960658?
18
Calculate the highest common factor of 54094 and 7878718.
1462
What is the greatest common divisor of 386 and 54667829?
193
Calculate the greatest common divisor of 214393 and 1614.
269
Calculate the greatest common factor of 137810 and 1740.
10
Calculate the greatest common divisor of 11946 and 1984565088.
11946
Calculate the greatest common divisor of 117956923 and 112.
7
Calculate the highest common factor of 19560 and 206670.
30
What is the greatest common divisor of 60936240 and 240?
240
Calculate the highest common divisor of 212 and 4308.
4
What is the greatest common divisor of 45508 and 469858723?
11377
Calculate the greatest common factor of 14700 and 3611100.
300
What is the highest common factor of 55008 and 2572770?
1146
Calculate the greatest common divisor of 719006 and 846.
94
What is the greatest common divisor of 31559171 and 56?
7
What is the highest common divisor of 7207544 and 696?
232
What is the highest common divisor of 6261398 and 122408?
286
What is the greatest common factor of 110 and 17119360?
10
What is the highest common divisor of 688090 and 18984095?
5135
What is the greatest common factor of 349299 and 54?
27
Calculate the greatest common divisor of 79492 and 89828.
68
What is the greatest common factor of 9332 and 17924?
4
What is the greatest common divisor of 1284 and 1663422?
642
Calculate the highest common factor of 80250 and 886750.
250
What is the highest common factor of 2622665 and 912?
19
What is the highest common divisor of 19088 and 222512?
16
Calculate the greatest common divisor of 625600 and 105200.
400
Calculate the greatest common divisor of 10229 and 264947.
53
What is the highest common factor of 16498465 and 590?
295
What is the greatest common factor of 408408 and 8239?
77
What is the highest common factor of 6170391 and 19062?
27
What is the highest common divisor of 102608 and 3013868?
484
What is the greatest common factor of 14446015 and 2272?
71
What is the greatest common divisor of 13219 and 43?
1
Calculate the greatest common divisor of 35564124 and 3078.
114
Calculate the highest common divisor of 123476472 and 343.
49
Calculate the greatest common factor of 3976 and 1432536.
56
Ca